 What is c(-35)?
5
Let h(r) = -r**3 + 9*r**2 + 88*r - 818. What is h(11)?
-92
Let y(w) = -19386*w - 4807690. Determine y(-248).
38
Let n(t) = t**2 - 129*t - 49901. What is n(-168)?
-5
Let h(l) = l**3 - 9*l**2 - 2403*l + 34438. What is h(15)?
-257
Let w(r) = r**3 - 6*r**2 - 84*r - 3914. What is w(20)?
6
Let g(b) = -82745*b + 13901158. Give g(168).
-2
Let z(m) = 26*m**2 - 592*m - 2377. What is z(-4)?
407
Let z(l) = 10*l**3 + 1434*l**2 + 576*l + 932. What is z(-143)?
360
Let z(p) = 346*p + 2109. Determine z(-8).
-659
Let c(z) = 41*z**2 + 107*z + 153. Determine c(-1).
87
Let l(r) = r**3 + 16*r**2 + 197*r + 3203. Determine l(-16).
51
Let s(t) = -4139*t - 32136. Calculate s(-8).
976
Let k(r) = r**3 - 34*r**2 + 251*r - 15. Calculate k(22).
-301
Let n(c) = -c**2 + 764*c - 143834. Give n(338).
154
Let m(i) = 2*i**2 + 890*i - 6357. What is m(7)?
-29
Let j(b) = -5*b**3 + 28*b**2 + 129*b - 53. Calculate j(-4).
199
Let z(h) = 178611*h + 1786115. Give z(-10).
5
Let w(s) = 540*s - 316435. Give w(586).
5
Let m(i) = 824*i - 60096. What is m(73)?
56
Let z(g) = g**3 + 10*g**2 - 655*g - 8069. What is z(-14)?
317
Let t(c) = -c**3 + 46*c**2 - 36*c + 467. Determine t(45).
872
Let z(l) = -l**3 + 94*l**2 - 1524*l + 1062. Give z(74).
-2194
Let k(m) = 9*m**3 + 1646*m**2 - 182*m + 185. What is k(-183)?
2
Let m(w) = -974*w + 8753. What is m(9)?
-13
Let s(n) = -3031*n + 1348806. Give s(445).
11
Let q(o) = 7662*o + 145589. What is q(-19)?
11
Let t(r) = 32*r**2 - 1324*r - 5208. What is t(45)?
12
Let z(a) = a**2 - 130*a - 12173. Determine z(193).
-14
Let c(q) = -158*q**2 + 772*q + 24. What is c(5)?
-66
Let v(i) = -207611*i + 207738. Calculate v(1).
127
Let d(i) = 302*i - 1621. What is d(9)?
1097
Let p(d) = 286*d**3 - 10*d**2 + 13*d + 13. What is p(2)?
2287
Let p(b) = 653*b - 26412. Give p(42).
1014
Let r(n) = -n**2 + 76162*n + 1980949. Give r(-26).
61
Let q(d) = -17*d**2 + 19*d + 550. Determine q(-10).
-1340
Let a(d) = -12*d**3 - 50*d**2 - 1466*d - 5824. What is a(-4)?
8
Let t(v) = v**3 - 140*v**2 + 3754*v - 1076. What is t(104)?
-36
Let w(o) = o**3 + 72*o**2 - 390*o - 352. Give w(-77).
33
Let k(n) = n**3 + 352*n**2 + 2384*n - 221. Determine k(-7).
-4
Let m(y) = -2*y**3 + 126*y**2 + 50*y - 3157. Give m(63).
-7
Let o(m) = -21*m + 980. Calculate o(46).
14
Let m(u) = -u**3 + 265*u**2 + 2208*u - 6585. What is m(273)?
-33
Let d(u) = -u**3 - 53*u**2 - 680*u + 358. What is d(-30)?
58
Let c(f) = 7*f**2 + 120*f - 834. What is c(-23)?
109
Let x(t) = 1504*t + 27557. What is x(-18)?
485
Let l(v) = v**2 + 272*v - 1268. Give l(-276).
-164
Let s(y) = -y**2 - 4696*y - 130649. What is s(-28)?
55
Let a(y) = -367*y + 128775. Give a(350).
325
Let n(m) = 2*m**3 + 93*m**2 + 647*m + 2578. Calculate n(-39).
160
Let g(z) = 883*z**2 + 438853*z + 1000. Give g(-497).
6
Let t(z) = 3094*z + 58789. Determine t(-19).
3
Let p(z) = -5859*z**2 + 64445*z + 35. Give p(11).
-9
Let b(v) = 3*v**3 + 3*v**2 - 102*v + 296. What is b(3)?
98
Let u(w) = w**3 + 68*w**2 + 17*w - 52. Calculate u(-1).
-2
Let w(s) = s**2 + 5208*s - 417677. Calculate w(79).
-4
Let w(h) = -6*h**2 - 277*h - 2584. Determine w(-28).
468
Let v(m) = 28*m**2 + 45*m + 45. Calculate v(-7).
1102
Let u(x) = -x**2 + 500*x + 6129. Calculate u(-12).
-15
Let h(k) = 1143*k + 18004. Determine h(-16).
-284
Let r(u) = 326*u + 4871. Calculate r(-15).
-19
Let x(o) = 20*o**2 - 497*o - 3054. What is x(-6)?
648
Let m(r) = 13*r**2 + 15*r + 499. Calculate m(-10).
1649
Let q(o) = 5*o**2 + 1784*o - 7188. Give q(4).
28
Let o(i) = -455*i**2 + 12758*i - 542. Give o(28).
-38
Let d(r) = -r**2 - 750*r - 43314. Calculate d(-58).
-3178
Let a(t) = -t**3 - 220*t**2 + 11322*t + 3565. Give a(-263).
146
Let o(k) = -k**2 + 4125*k + 2184984. Determine o(-475).
-16
Let z(s) = -8713*s + 52264. Determine z(6).
-14
Let n(s) = -1826*s + 1557584. What is n(853)?
6
Let k(n) = -28145*n - 3658852. Give k(-130).
-2
Let m(o) = 1271*o + 93583. What is m(-72)?
2071
Let d(a) = 2496*a**2 + 129795*a + 162. Calculate d(-52).
6
Let t(k) = 246554*k + 739662. What is t(-3)?
0
Let m(y) = -46920*y - 93692. Determine m(-2).
148
Let k(b) = 20545*b + 184676. Determine k(-9).
-229
Let g(l) = -825*l - 36348. Determine g(-44).
-48
Let w(a) = -563*a**2 + 2261*a - 3. What is w(4)?
33
Let j(c) = -c**3 + 508*c**2 + 2043*c + 27. Calculate j(-4).
47
Let y(d) = 29*d**2 - 6300*d - 92160. What is y(231)?
9
Let p(r) = r**3 - 23*r**2 - 104*r + 149. Determine p(26).
-527
Let c(f) = -25*f**3 - 59*f**2 - 618*f - 1017. Determine c(-2).
183
Let z(r) = -1254*r - 52677. Determine z(-42).
-9
Let u(i) = 3410*i - 153199. Give u(45).
251
Let z(s) = -s**3 + 26*s**2 - 922*s - 12735. Calculate z(-10).
85
Let v(u) = u**2 - 448*u - 43432. What is v(-82)?
28
Let z(o) = 4*o**2 - 259*o + 513. Calculate z(62).
-169
Let u(r) = 22776*r + 1708191. Calculate u(-75).
-9
Let d(x) = x**2 + 431*x - 42082. What is d(82)?
-16
Let d(k) = 3*k**2 - 800*k - 256413. Give d(-188).
19
Let t(p) = -23*p**2 + 9806*p - 3413. What is t(426)?
-5
Let t(r) = -r**3 + 27*r**2 - 15*r - 34. Determine t(9).
1289
Let p(t) = 873*t + 7388. Give p(-7).
1277
Let i(b) = 274*b**2 - 146865*b + 536. Determine i(536).
0
Let w(r) = -3*r**3 - 86*r**2 - 204*r + 101. Calculate w(-26).
-3
Let x(u) = 3000*u - 46807. What is x(16)?
1193
Let o(c) = 6429*c - 475740. Calculate o(74).
6
Let x(k) = 9*k - 377. Determine x(34).
-71
Let n(w) = 191*w**2 + 43*w + 119. Calculate n(-3).
1709
Let z(k) = -2923*k + 473610. Give z(162).
84
Let z(f) = -f**3 - 236*f**2 + 14302*f + 934. Give z(-286).
362
Let x(v) = v**3 - 12*v**2 + 47*v - 828. Calculate x(12).
-264
Let f(x) = -3005*x + 21629. Determine f(7).
594
Let j(r) = 69*r**2 + 647*r + 186. Determine j(-10).
616
Let o(c) = -64*c**3 + 2*c**2 + 69*c + 132. Give o(-2).
514
Let d(y) = 3*y**3 - 427*y**2 + 561*y + 413. Determine d(141).
-10
Let j(o) = -12*o**2 + 6240*o + 89701. Give j(534).
-11
Let r(h) = -4*h**2 - 433*h - 10963. Give r(-42).
167
Let v(a) = 776*a + 23098. What is v(-30)?
-182
Let l(o) = o**3 + 631*o**2 + 3727*o - 14349. Calculate l(-625).
26
Let x(f) = f**2 - 1495010*f - 4485042. Calculate x(-3).
-3
Let f(j) = -418*j - 100481. Calculate f(-240).
-161
Let o(u) = -12*u**2 - 349*u + 3444. What is o(-37)?
-71
Let n(m) = -24604*m + 1205700. Give n(49).
104
Let g(v) = -50*v**2 - 84254*v - 168513. Calculate g(-2).
-205
Let r(x) = 22*x**2 - 319*x + 499. Determine r(13).
70
Let w(v) = -15*v**3 - 41*v**2 + 103*v + 115. What is w(-4)?
7
Let j(m) = -m**3 - 19*m**2 - 2110*m - 20180. What is j(-10)?
20
Let l(u) = 12*u**3 - 109*u**2 - 3*u - 64. Give l(9).
-172
Let h(c) = c**3 + 60*c**2 + 50*c - 6880. Determine h(-57).
17
Let r(n) = -765*n - 208740. Determine r(-273).
105
Let c(a) = 3*a**2 - 1299*a - 5241. Calculate c(-4).
3
Let t(v) = 2*v**3 - 54*v**2 + 317*v + 570. Determine t(13).
-41
Let n(l) = -14736*l - 1945139. Calculate n(-132).
13
Let k(h) = -3*h**2 - 43699*h + 306043. Determine k(7).
3
Let n(q) = -9547*q + 28577. Calculate n(3).
-64
Let r(g) = -g**2 + 840*g - 63520. Calculate r(756).
-16
Let z(v) = 1372*v + 59174. Calculate z(-43).
178
Let t(d) = 6*d**3 - 85*d**2 - 132*d - 8. Determine t(16).
696
Let x(j) = 609000*j + 1826932. What is x(-3)?
-68
Let l(i) = -4*i**2 + 4114241*i + 8228486. Determine l(-2).
-12
Let r(a) = a**2 + 37310*a + 19674633. Calculate r(-535).
8
Let o(n) = -12*n**3 - 73*n**2 - 105*n - 665. Determine o(-6).
-71
Let j(q) = 2*q**2 + 3427*q + 411705. What is j(-130)?
-5
Let o(a) = -3822*a - 5373735. Give o(-1406).
-3
Let m(q) = q**2 + 246*q + 3453. Determine m(-12).
645
Let t(m) = 3*m**3 - 47*m**2 + 29*m + 59. Give t(15).
44
Let w(j) = j**3 + 849*j**2 - 696817*j - 7679. Calculate w(512).
1
Let l(z) = -3*z**3 + 1127*z**2 + 2648*z - 735. Determine l(378).
21
Let b(n) = -7603*n + 129259. What is b(17)?
8
Let l(u) = 4*u**2 + 87*u + 115. Determine l(-23).
230
Let a(h) = 36228*h + 253592. What is a(-7)?
-4
Let d(y) = -258*y - 18352. Calculate d(-71).
-34
Let j(a) = -50*a**2 + 597*a - 1336. What is j(9)?
-13
Let w(f) = -f**2 - 614*f + 4752. What is w(8)?
-224
Let t(x) = 38*x**2 - 4485*x + 121. Calculate t(118).
3
Let s(a) = 2*a**3 + 373*a**2 - 1704*a + 2853. Give s(-191).
-12
Let q(j) = 1509*j**2 + 42260*j + 236. Calculate q(-28).
12
Let z(y) = -1607*y**2 - 16514*y - 4435. Calculate z(-10).
5
Let d(o) = -49*o**2 - 10864*o - 100915. De